ivided by ((-11)/2)/((-1)/2)?
9
Let w(t) = 2*t + 3. Calculate the remainder when w(2) is divided by 3.
1
Let p be -2*(-10)/8*2. Suppose -l - 3*n - 6 = -6*l, 5*n = p*l. What is the remainder when 4 is divided by l?
1
Let g = -3 + 38. Suppose 2*p - 8*p + 108 = 0. Calculate the remainder when g is divided by p.
17
Let q = 201 - 187. Let v = 63 + -10. What is the remainder when v is divided by q?
11
Let z = 13 + 9. Let p(u) = u**2 + 6*u + 8. Calculate the remainder when z is divided by p(-6).
6
Suppose 6*n = 3*n + 27. What is the remainder when 17 is divided by n?
8
Let b(x) = -41*x**3 + 2*x**2 - 1. Let i be (6/2)/(15/(-20)). Let p be -3 + 0 + (-2 - i). Calculate the remainder when b(p) is divided by 11.
9
Suppose -47 = -5*b + 103. What is the remainder when b is divided by 16?
14
Suppose -6 - 3 = -v + 2*z, 26 = 2*v + 4*z. Let o = 25 - v. Calculate the remainder when o is divided by 8.
6
Suppose -1 = q + 5. Let t = q + 9. Suppose -3*s + 16 = -2*u - 14, 0 = -5*s - t*u + 50. Calculate the remainder when 18 is divided by s.
8
Let q(n) = -n**3 + 5*n**2 + 6*n. Let p be q(6). Suppose -2*r - 1 + 9 = p. Calculate the remainder when 7 is divided by r.
3
Suppose f + j - 6 = 0, -16 + 1 = -3*f - 2*j. Suppose -f*y + 92 = y. What is the remainder when y is divided by 8?
7
Let b(c) = c**3 - 8*c**2 + 6*c + 5. Let w be b(7). Let n be (-11)/(-2) - 3/w. Suppose f - n = -0*f. What is the remainder when 13 is divided by f?
6
Suppose 0 = -n - 4*m + 28, 5*n - 70 = 2*n - 5*m. What is the remainder when 79 is divided by n?
19
Let f(n) = n**2 - 7. Suppose -2*g = 12 - 32. What is the remainder when f(6) is divided by g?
9
Let t be 2/3*162/12. Suppose -z + 1 = a - t, 4*z = 3*a + 75. Calculate the remainder when z is divided by 8.
7
Let x(t) = t**2 - 8*t + 6. Let j be x(8). Let g = 23 + -8. Suppose s - j*s = -g. Calculate the remainder when 7 is divided by s.
1
Let g = 7 - 11. Let t be 2/g - 21/6. Calculate the remainder when 12 - -2*(-2)/t is divided by 5.
3
Let s = 39 - 26. What is the remainder when 38 is divided by s?
12
Let f(r) = 7*r + 4. Calculate the remainder when f(2) is divided by 10.
8
Let g = 79 + -65. Calculate the remainder when g is divided by 8.
6
Let a(r) = 6*r + 2. Let o be a(12). Let h = -50 + o. What is the remainder when h is divided by -1 - (1 + (-14 - 1))?
11
Suppose 2*c = 3*l - 22 - 19, 0 = -2*c - 5*l - 81. Let n = 108 + -61. Let b = n + c. Calculate the remainder when 37 is divided by b.
18
Let v(q) = -q + 12. Let z be v(9). Suppose z*c = -a + 5, -19 = -3*a - 2*c + 3. Calculate the remainder when 2*1/((-2)/(-23)) is divided by a.
7
Let l = -38 - -112. Suppose 3*g - l = 5*z, 0 = 5*g + 2*z - 172 + 28. Let t = 12 + -2. Calculate the remainder when g is divided by t.
8
Let f(g) = -5*g**2. Let l be f(-1). Let s = l + 7. Let z(m) = m**3 - m**2 + 2. What is the remainder when z(0) is divided by s?
0
Calculate the remainder when 66 is divided by (-2 - -23) + 10/5.
20
Let z be (-1)/(-1)*5*2. Suppose -z + 2 = -2*n. Suppose -n*v = -v - 15. What is the remainder when v is divided by 2?
1
Let p(o) = o**3 + 3*o**2 - 6*o + 7. Let s be p(-5). Let x = s - -19. What is the remainder when x is divided by 3?
0
Let i = 19 - 10. Let j be (116/6)/((-8)/(-12)). Let n = j - i. What is the remainder when n is divided by 11?
9
Let p(w) = -9*w. Let t(i) = -i**2 + 8*i - 5. Let q be t(8). What is the remainder when p(q) is divided by 16?
13
Let c = -27 + 39. What is the remainder when 64/3 - (-1)/(-3) is divided by c?
9
Suppose 2*p + 6 + 4 = 0. Suppose -h - 7 = -32. Calculate the remainder when h is divided by ((-1)/2)/(p/90).
7
Suppose v + 5*g = 50, -3*g - 18 = -5*v + 4*v. What is the remainder when 114 is divided by v?
24
Let f(g) = 11*g - 9. Calculate the remainder when 37 is divided by f(2).
11
Let z(g) = -g + 6. What is the remainder when 26/(-2)*-2 + (-12)/(-2) is divided by z(-5)?
10
Let z(s) = s**2 - 19*s - 28. Calculate the remainder when 41 is divided by z(21).
13
Suppose 0 = -0*a + a - 4. Let o = -2 + a. Calculate the remainder when (-7)/(21/(-18)) - o is divided by 2.
0
Suppose -56 = -2*q - 20. Let g = -18 + 22. What is the remainder when q is divided by g?
2
Let v = 6 - -9. Let y = v - 5. Calculate the remainder when 27 is divided by y.
7
Suppose 46 = h - 126. Suppose -h = 4*i - 8*i. Calculate the remainder when i is divided by 11.
10
Let z = -7 - -18. Let m = 11 - 9. Suppose -4*j + 12 = u, 7*j - 5*j - m*u = 16. Calculate the remainder when z is divided by j.
3
Let o = 19 + -13. Let d(n) = 4*n + 13. Let i = 12 + 7. Calculate the remainder when d(o) is divided by i.
18
Let j(v) = -25*v**2 - 17*v + 9. Let h(u) = -6*u**2 - 4*u + 2. Let s(k) = -9*h(k) + 2*j(k). Calculate the remainder when 45 is divided by s(-2).
9
Let b(t) = -14*t**3 + t + 2. Let n = 25 - 17. What is the remainder when b(-1) is divided by n?
7
Let x = 20 + -12. What is the remainder when 46 is divided by x?
6
Let g be (-1 - 3/(-6))*-6. Suppose -b = g*b - 260. Suppose 0*k + 4*k - b = -5*h, 0 = -h - 5*k + 13. What is the remainder when h is divided by 4?
1
Let t = 135 - 125. Calculate the remainder when 28 is divided by t.
8
Suppose 3*k = -0*k + 6. Suppose 2*y + y = n - 34, -k*n + 4*y = -62. What is the remainder when n is divided by 9?
7
Let x = 2 + 2. Suppose c = -z + 10, z - 4*c + x = -6. Let h(v) = v**2 - v - 5. What is the remainder when h(5) is divided by z?
3
Let c(x) = -10*x - 3. Suppose -2*s - 4*n + 1 = 3, -11 = 4*s + n. What is the remainder when c(s) is divided by 10?
7
Let c(b) = b**3 - 8*b**2 - 6*b - 8. Let i be c(9). Let m = -19 + 13. Let a = i + m. Calculate the remainder when a is divided by 7.
6
Suppose 24 = -3*x + 5*x. Let o = x - 7. Let h = 145 - 131. What is the remainder when h is divided by o?
4
Let s = 9 - 2. Calculate the remainder when s is divided by 5.
2
Suppose 26 = -p - 4*p + 2*m, 18 = -4*p + 3*m. Suppose 0 = -c - 4*c + 5. What is the remainder when (2/p)/((-2)/6) is divided by c?
0
Let h = -11 - -12. Suppose -j + 4 = -h. Calculate the remainder when 6 is divided by j.
1
Let f = 377 + -228. Calculate the remainder when f is divided by 30.
29
Suppose -2*m + 71 = -73. Calculate the remainder when m is divided by 11.
6
Suppose -38 - 2 = -2*o + 4*a, 0 = 2*o + 2*a - 28. Let h = o + -11. Suppose -33 = -2*s - 7. Calculate the remainder when s is divided by h.
3
Let q = 37 - 21. What is the remainder when 43 is divided by q?
11
Let x = -18 - -36. Let d(a) = 3*a**2 - 2*a + 2. Calculate the remainder when x is divided by d(2).
8
Let p(f) = 5 - f**2 + f + 0*f - 3. Let k be p(0). Let x(s) = 5*s**3 - s**2 - 2*s + 2. What is the remainder when x(k) is divided by 12?
10
Suppose 0 = -n - 5*h + 6, -n + 4*n + 5*h - 38 = 0. Calculate the remainder when 63 is divided by n.
15
Let y = 201 - 139. Calculate the remainder when y is divided by 7.
6
Let j = -9 - -49. Suppose -4*z = -28 - j. What is the remainder when 31 is divided by z?
14
Let z(g) = -g + g**2 + 2 - 2 - 3*g. Let l be z(5). Suppose -2*b - l = -3*b. Calculate the remainder when 19 is divided by b.
4
Calculate the remainder when (-10)/5*(74/(-4))/1 is divided by 5.
2
Suppose b = -3*b + 24. Suppose b*k = 2*k + 20. Let c = 2 + k. What is the remainder when 13 is divided by c?
6
Let n be -1*(-1 - -3) + 10. Let t = n + 5. Calculate the remainder when t is divided by 5.
3
Let i be (-35)/11 + (-8)/(-44). What is the remainder when 41 is divided by i/9 + (-86)/(-6)?
13
Suppose -4*j + 20 + 36 = 0. Let t(f) = -f**3 + 30*f**2 + 102*f - 32. What is the remainder when t(33) is divided by j?
11
Suppose 37*n = 32*n + 360. What is the remainder when n is divided by 25?
22
Let h(f) = 4*f - 1. Let z be h(-3). Let g = -8 - z. Suppose -3*c + 0*n - n = -62, g*n - 101 = -4*c. What is the remainder when 55 is divided by c?
17
Let x(b) = -7*b**3 - 9*b**2 + b + 2. Let r(v) = 4*v**3 + 5*v**2 - v - 1. Let u(j) = 5*r(j) + 3*x(j). Calculate the remainder when u(-3) is divided by 6.
4
Suppose 5*w - k = 3*k + 523, -k + 307 = 3*w. Suppose 5*y - w = -8. Let s(b) = -13*b + 3. What is the remainder when s(-4) is divided by y?
17
Let p be (-12)/(-8)*8/(-6). Let g = p + 12. Calculate the remainder when 1*(-5)/((-5)/18) is divided by g.
8
Suppose 0 = v - 7. Calculate the remainder when v is divided by 3.
1
Suppose 2*u + 22 = -6. Calculate the remainder when 19 is divide